mmon factor of 60 and 3855060.
60
Calculate the highest common factor of 76 and 114456.
76
What is the greatest common factor of 35778 and 7236?
402
Calculate the greatest common divisor of 996 and 125828.
332
Calculate the highest common factor of 8034 and 6162.
78
What is the highest common divisor of 1239231 and 21?
21
What is the highest common divisor of 63 and 171?
9
Calculate the greatest common factor of 3185 and 540.
5
What is the greatest common divisor of 931 and 109711?
49
What is the highest common factor of 1988 and 308?
28
What is the highest common factor of 175 and 6706?
7
Calculate the highest common factor of 22454 and 15696.
218
Calculate the greatest common divisor of 566415 and 45.
45
What is the highest common factor of 160083 and 2?
1
Calculate the greatest common divisor of 2793722 and 342.
38
What is the greatest common divisor of 70758 and 45?
9
What is the highest common divisor of 693572 and 484?
484
Calculate the highest common factor of 24365 and 385.
55
Calculate the greatest common divisor of 3122 and 434.
14
What is the greatest common divisor of 359 and 161550?
359
Calculate the highest common factor of 7466480 and 560.
560
Calculate the greatest common divisor of 275 and 15235.
55
What is the highest common factor of 6331 and 793?
13
What is the greatest common factor of 7488 and 29328?
624
What is the highest common factor of 33634 and 737?
67
Calculate the highest common divisor of 19802 and 2.
2
Calculate the highest common factor of 2787 and 12.
3
What is the highest common divisor of 300 and 215844?
12
Calculate the greatest common factor of 30438 and 1197.
171
Calculate the highest common divisor of 4976 and 1267014.
622
Calculate the greatest common factor of 30696 and 3624.
24
What is the highest common factor of 1058 and 142301?
529
What is the greatest common factor of 555 and 183039?
111
What is the highest common factor of 88774 and 70?
14
Calculate the greatest common divisor of 276 and 61548.
276
Calculate the highest common divisor of 3110656 and 512.
256
Calculate the highest common factor of 12 and 16158.
6
What is the highest common factor of 5923670 and 30?
10
What is the highest common factor of 1547 and 655837?
91
What is the greatest common divisor of 182 and 48146?
14
Calculate the greatest common divisor of 149784 and 288.
24
What is the highest common factor of 70 and 263095?
35
Calculate the highest common factor of 259 and 3356381.
259
Calculate the greatest common divisor of 686411 and 11.
11
Calculate the greatest common factor of 109 and 365913.
109
What is the greatest common divisor of 111 and 2181?
3
What is the greatest common divisor of 54558 and 126?
126
What is the greatest common divisor of 40 and 3048960?
40
What is the greatest common divisor of 23510 and 1010?
10
Calculate the highest common divisor of 276339 and 147.
21
Calculate the highest common divisor of 324 and 764.
4
What is the greatest common divisor of 120 and 20445?
15
Calculate the greatest common divisor of 3 and 301479.
3
What is the highest common divisor of 84 and 82464?
12
Calculate the greatest common divisor of 20 and 10910.
10
Calculate the greatest common divisor of 1152 and 51624.
72
What is the greatest common divisor of 1 and 6796?
1
What is the greatest common divisor of 84 and 902454?
42
What is the greatest common divisor of 70 and 29015?
35
What is the highest common divisor of 41 and 28741?
41
Calculate the highest common factor of 168 and 919128.
168
What is the greatest common divisor of 1239 and 3185?
7
What is the greatest common factor of 572 and 15092?
44
Calculate the highest common divisor of 142922 and 184.
46
What is the greatest common divisor of 2096 and 1322576?
2096
What is the greatest common factor of 54809 and 1081?
23
What is the highest common divisor of 225264 and 608?
304
What is the highest common divisor of 55770 and 1144?
286
Calculate the greatest common factor of 67075 and 25.
25
What is the greatest common divisor of 28 and 2343292?
28
What is the highest common factor of 16 and 58648?
8
What is the greatest common factor of 4893 and 189?
21
Calculate the greatest common factor of 499200 and 224.
32
Calculate the highest common factor of 48251 and 159271.
427
Calculate the highest common factor of 1106 and 1862.
14
What is the highest common divisor of 83325 and 65175?
825
What is the highest common divisor of 1014 and 413205?
507
What is the greatest common factor of 3791 and 119?
17
What is the greatest common factor of 6137 and 14858?
323
What is the greatest common divisor of 1799 and 32896?
257
Calculate the greatest common factor of 271763 and 757.
757
What is the highest common divisor of 12565 and 315?
35
Calculate the highest common divisor of 70 and 1293684.
14
Calculate the greatest common divisor of 183776 and 256.
32
Calculate the highest common factor of 1284888 and 96.
24
What is the highest common factor of 14314 and 2210?
34
Calculate the highest common divisor of 699 and 1345575.
699
What is the highest common divisor of 45633 and 636?
159
What is the greatest common divisor of 3684 and 429800?
1228
What is the greatest common divisor of 105618 and 870?
174
What is the greatest common divisor of 4455 and 168960?
165
What is the greatest common divisor of 20 and 121320?
20
Calculate the highest common divisor of 3381126 and 1596.
798
What is the highest common factor of 1071 and 136?
17
What is the greatest common factor of 10480 and 13755?
655
Calculate the highest common factor of 26 and 983333.
13
What is the highest common factor of 6 and 63312?
6
Calculate the greatest common factor of 1632 and 8926496.
544
What is the greatest common divisor of 1152 and 1676?
4
What is the highest common divisor of 189 and 1503747?
63
What is the highest common divisor of 12901 and 105?
7
What is the greatest common factor of 5233046 and 104?
26
Calculate the greatest common divisor of 295241 and 758.
379
What is the greatest common factor of 24 and 5064?
24
Calculate the greatest common factor of 329 and 44556.
47
Calculate the greatest common factor of 6391 and 1540.
77
Calculate the highest common factor of 55438 and 954.
106
What is the highest common factor of 18720 and 3420?
180
What is the greatest common factor of 66 and 1198659?
33
Calculate the highest common divisor of 760 and 579120.
760
Calculate the highest common factor of 2816 and 13244.
44
What is the highest common divisor of 11684 and 736?
92
What is the highest common divisor of 623002 and 362?
362
Calculate the greatest common divisor of 164921 and 83.
83
What is the greatest common factor of 137115 and 225?
45
What is the highest common divisor of 290 and 313606?
58
What is the greatest common factor of 680 and 74664?
136
What is the highest common factor of 459 and 1063554?
51
Calculate the greatest common divisor of 424 and 938736.
424
Calculate the greatest common divisor of 8 and 95395.
1
What is the greatest common divisor of 692 and 865346?
346
What is the highest common factor of 155 and 13113?
31
What is the greatest common divisor of 6860 and 40?
20
Calculate the highest common divisor of 10 and 11123810.
10
What is the greatest common divisor of 116 and 2842145?
29
Calculate the highest common divisor of 92 and 2393817.
23
What is the highest common divisor of 173809 and 24165?
179
Calculate the highest common factor of 90 and 527454.
18
Calculate the greatest common factor of 190386 and 36.
18
Calculate the greatest common divisor of 14798 and 343.
49
What is the highest common factor of 1400 and 1110760?
280
Calculate the greatest common factor of 674 and 110.
2
What is the highest common factor of 36111 and 3?
3
What is the greatest common divisor of 143702 and 78?
26
What is the highest common factor of 264 and 44374?
22
Calculate the highest common divisor of 30 and 2155090.
10
What is the highest common divisor of 58 and 965642?
58
Calculate the greatest common factor of 4838 and 328.
82
What is the greatest common divisor of 56539 and 6601?
287
What is the highest common factor of 139604 and 34?
34
Calculate the greatest common factor of 2718 and 1566.
18
Calculate the greatest common factor of 5239 and 65689.
403
Calculate the greatest common divisor of 968136 a